{"id":325,"date":"2024-12-17T14:30:20","date_gmt":"2024-12-17T13:30:20","guid":{"rendered":"https:\/\/tawernakapitanska.nfhotel.usermd.net\/?post_type=nasz-pakiet&#038;p=325"},"modified":"2025-05-17T13:00:50","modified_gmt":"2025-05-17T11:00:50","slug":"wyjatkowa-chwila","status":"publish","type":"nasz-pakiet","link":"https:\/\/www.villa-park.eu\/de\/nasz-pakiet\/wyjatkowa-chwila\/","title":{"rendered":"Uroczysto\u015bci \"Wyj\u0105tkowe Chwile\""},"featured_media":1141,"template":"","kategoria-pakietu":[50,59],"class_list":["post-325","nasz-pakiet","type-nasz-pakiet","status-publish","has-post-thumbnail","hentry","kategoria-pakietu-uroczystosci","kategoria-pakietu-wszystkie-pakiety"],"acf":[],"yoast_head":"<!-- This site is optimized with the Yoast SEO plugin v24.6 - https:\/\/yoast.com\/wordpress\/plugins\/seo\/ -->\n<title>Uroczysto\u015bci &quot;Wyj\u0105tkowe Chwile&quot; - Villa Park Wise\u0142ka SPA &amp; Wellness<\/title>\n<meta name=\"robots\" content=\"index, follow, max-snippet:-1, max-image-preview:large, max-video-preview:-1\" \/>\n<link rel=\"canonical\" href=\"https:\/\/www.villa-park.eu\/de\/nasz-pakiet\/wyjatkowa-chwila\/\" \/>\n<meta property=\"og:locale\" content=\"de_DE\" \/>\n<meta property=\"og:type\" content=\"article\" \/>\n<meta property=\"og:title\" content=\"Uroczysto\u015bci &quot;Wyj\u0105tkowe Chwile&quot; - Villa Park Wise\u0142ka SPA &amp; Wellness\" \/>\n<meta property=\"og:url\" content=\"https:\/\/www.villa-park.eu\/de\/nasz-pakiet\/wyjatkowa-chwila\/\" \/>\n<meta property=\"og:site_name\" content=\"Villa Park Wise\u0142ka SPA &amp; Wellness\" \/>\n<meta property=\"article:modified_time\" content=\"2025-05-17T11:00:50+00:00\" \/>\n<meta property=\"og:image\" content=\"https:\/\/www.villa-park.eu\/wp-content\/uploads\/2025\/02\/Villa-Park-Wieslka_63.jpg\" \/>\n\t<meta property=\"og:image:width\" content=\"1512\" \/>\n\t<meta property=\"og:image:height\" content=\"2016\" \/>\n\t<meta property=\"og:image:type\" content=\"image\/jpeg\" \/>\n<meta name=\"twitter:card\" content=\"summary_large_image\" \/>\n<meta name=\"twitter:label1\" content=\"Gesch\u00e4tzte Lesezeit\" \/>\n\t<meta name=\"twitter:data1\" content=\"1\u00a0Minute\" \/>\n<script type=\"application\/ld+json\" class=\"yoast-schema-graph\">{\"@context\":\"https:\/\/schema.org\",\"@graph\":[{\"@type\":\"WebPage\",\"@id\":\"https:\/\/www.villa-park.eu\/nasz-pakiet\/wyjatkowa-chwila\/\",\"url\":\"https:\/\/www.villa-park.eu\/nasz-pakiet\/wyjatkowa-chwila\/\",\"name\":\"Uroczysto\u015bci \\\"Wyj\u0105tkowe Chwile\\\" - Villa Park Wise\u0142ka SPA &amp; Wellness\",\"isPartOf\":{\"@id\":\"https:\/\/www.villa-park.eu\/#website\"},\"primaryImageOfPage\":{\"@id\":\"https:\/\/www.villa-park.eu\/nasz-pakiet\/wyjatkowa-chwila\/#primaryimage\"},\"image\":{\"@id\":\"https:\/\/www.villa-park.eu\/nasz-pakiet\/wyjatkowa-chwila\/#primaryimage\"},\"thumbnailUrl\":\"https:\/\/www.villa-park.eu\/wp-content\/uploads\/2025\/02\/Villa-Park-Wieslka_63.jpg\",\"datePublished\":\"2024-12-17T13:30:20+00:00\",\"dateModified\":\"2025-05-17T11:00:50+00:00\",\"breadcrumb\":{\"@id\":\"https:\/\/www.villa-park.eu\/nasz-pakiet\/wyjatkowa-chwila\/#breadcrumb\"},\"inLanguage\":\"de\",\"potentialAction\":[{\"@type\":\"ReadAction\",\"target\":[\"https:\/\/www.villa-park.eu\/nasz-pakiet\/wyjatkowa-chwila\/\"]}]},{\"@type\":\"ImageObject\",\"inLanguage\":\"de\",\"@id\":\"https:\/\/www.villa-park.eu\/nasz-pakiet\/wyjatkowa-chwila\/#primaryimage\",\"url\":\"https:\/\/www.villa-park.eu\/wp-content\/uploads\/2025\/02\/Villa-Park-Wieslka_63.jpg\",\"contentUrl\":\"https:\/\/www.villa-park.eu\/wp-content\/uploads\/2025\/02\/Villa-Park-Wieslka_63.jpg\",\"width\":1512,\"height\":2016},{\"@type\":\"BreadcrumbList\",\"@id\":\"https:\/\/www.villa-park.eu\/nasz-pakiet\/wyjatkowa-chwila\/#breadcrumb\",\"itemListElement\":[{\"@type\":\"ListItem\",\"position\":1,\"name\":\"Strona g\u0142\u00f3wna\",\"item\":\"https:\/\/www.villa-park.eu\/\"},{\"@type\":\"ListItem\",\"position\":2,\"name\":\"Uroczysto\u015bci \\\"Wyj\u0105tkowe Chwile\\\"\"}]},{\"@type\":\"WebSite\",\"@id\":\"https:\/\/www.villa-park.eu\/#website\",\"url\":\"https:\/\/www.villa-park.eu\/\",\"name\":\"Villa Park Wise\u0142ka SPA &amp; Wellness\",\"description\":\"Twoje miejsce w Wise\u0142ce nad Ba\u0142tykiem\",\"potentialAction\":[{\"@type\":\"SearchAction\",\"target\":{\"@type\":\"EntryPoint\",\"urlTemplate\":\"https:\/\/www.villa-park.eu\/?s={search_term_string}\"},\"query-input\":{\"@type\":\"PropertyValueSpecification\",\"valueRequired\":true,\"valueName\":\"search_term_string\"}}],\"inLanguage\":\"de\"}]}<\/script>\n<!-- \/ Yoast SEO plugin. -->","yoast_head_json":{"title":"Uroczysto\u015bci \"Wyj\u0105tkowe Chwile\" - Villa Park Wise\u0142ka SPA &amp; Wellness","robots":{"index":"index","follow":"follow","max-snippet":"max-snippet:-1","max-image-preview":"max-image-preview:large","max-video-preview":"max-video-preview:-1"},"canonical":"https:\/\/www.villa-park.eu\/de\/nasz-pakiet\/wyjatkowa-chwila\/","og_locale":"de_DE","og_type":"article","og_title":"Uroczysto\u015bci \"Wyj\u0105tkowe Chwile\" - Villa Park Wise\u0142ka SPA &amp; Wellness","og_url":"https:\/\/www.villa-park.eu\/de\/nasz-pakiet\/wyjatkowa-chwila\/","og_site_name":"Villa Park Wise\u0142ka SPA &amp; Wellness","article_modified_time":"2025-05-17T11:00:50+00:00","og_image":[{"width":1512,"height":2016,"url":"https:\/\/www.villa-park.eu\/wp-content\/uploads\/2025\/02\/Villa-Park-Wieslka_63.jpg","type":"image\/jpeg"}],"twitter_card":"summary_large_image","twitter_misc":{"Gesch\u00e4tzte Lesezeit":"1\u00a0Minute"},"schema":{"@context":"https:\/\/schema.org","@graph":[{"@type":"WebPage","@id":"https:\/\/www.villa-park.eu\/nasz-pakiet\/wyjatkowa-chwila\/","url":"https:\/\/www.villa-park.eu\/nasz-pakiet\/wyjatkowa-chwila\/","name":"Uroczysto\u015bci \"Wyj\u0105tkowe Chwile\" - Villa Park Wise\u0142ka SPA &amp; Wellness","isPartOf":{"@id":"https:\/\/www.villa-park.eu\/#website"},"primaryImageOfPage":{"@id":"https:\/\/www.villa-park.eu\/nasz-pakiet\/wyjatkowa-chwila\/#primaryimage"},"image":{"@id":"https:\/\/www.villa-park.eu\/nasz-pakiet\/wyjatkowa-chwila\/#primaryimage"},"thumbnailUrl":"https:\/\/www.villa-park.eu\/wp-content\/uploads\/2025\/02\/Villa-Park-Wieslka_63.jpg","datePublished":"2024-12-17T13:30:20+00:00","dateModified":"2025-05-17T11:00:50+00:00","breadcrumb":{"@id":"https:\/\/www.villa-park.eu\/nasz-pakiet\/wyjatkowa-chwila\/#breadcrumb"},"inLanguage":"de","potentialAction":[{"@type":"ReadAction","target":["https:\/\/www.villa-park.eu\/nasz-pakiet\/wyjatkowa-chwila\/"]}]},{"@type":"ImageObject","inLanguage":"de","@id":"https:\/\/www.villa-park.eu\/nasz-pakiet\/wyjatkowa-chwila\/#primaryimage","url":"https:\/\/www.villa-park.eu\/wp-content\/uploads\/2025\/02\/Villa-Park-Wieslka_63.jpg","contentUrl":"https:\/\/www.villa-park.eu\/wp-content\/uploads\/2025\/02\/Villa-Park-Wieslka_63.jpg","width":1512,"height":2016},{"@type":"BreadcrumbList","@id":"https:\/\/www.villa-park.eu\/nasz-pakiet\/wyjatkowa-chwila\/#breadcrumb","itemListElement":[{"@type":"ListItem","position":1,"name":"Strona g\u0142\u00f3wna","item":"https:\/\/www.villa-park.eu\/"},{"@type":"ListItem","position":2,"name":"Uroczysto\u015bci \"Wyj\u0105tkowe Chwile\""}]},{"@type":"WebSite","@id":"https:\/\/www.villa-park.eu\/#website","url":"https:\/\/www.villa-park.eu\/","name":"Villa Park Wise\u0142ka SPA &amp; Wellness","description":"Twoje miejsce w Wise\u0142ce nad Ba\u0142tykiem","potentialAction":[{"@type":"SearchAction","target":{"@type":"EntryPoint","urlTemplate":"https:\/\/www.villa-park.eu\/?s={search_term_string}"},"query-input":{"@type":"PropertyValueSpecification","valueRequired":true,"valueName":"search_term_string"}}],"inLanguage":"de"}]}},"_links":{"self":[{"href":"https:\/\/www.villa-park.eu\/de\/wp-json\/wp\/v2\/nasz-pakiet\/325","targetHints":{"allow":["GET"]}}],"collection":[{"href":"https:\/\/www.villa-park.eu\/de\/wp-json\/wp\/v2\/nasz-pakiet"}],"about":[{"href":"https:\/\/www.villa-park.eu\/de\/wp-json\/wp\/v2\/types\/nasz-pakiet"}],"wp:featuredmedia":[{"embeddable":true,"href":"https:\/\/www.villa-park.eu\/de\/wp-json\/wp\/v2\/media\/1141"}],"wp:attachment":[{"href":"https:\/\/www.villa-park.eu\/de\/wp-json\/wp\/v2\/media?parent=325"}],"wp:term":[{"taxonomy":"kategoria-pakietu","embeddable":true,"href":"https:\/\/www.villa-park.eu\/de\/wp-json\/wp\/v2\/kategoria-pakietu?post=325"}],"curies":[{"name":"wp","href":"https:\/\/api.w.org\/{rel}","templated":true}]}}

Uroczystości "Wyjątkowe Chwile"

<!-- This site is optimized with the Yoast SEO plugin v24.6 - https://yoast.com/wordpress/plugins/seo/ -->
<title>Uroczystości &quot;Wyjątkowe Chwile&quot; - Villa Park Wisełka SPA &amp; Wellness</title>
<meta name="robots" content="index, follow, max-snippet:-1, max-image-preview:large, max-video-preview:-1" />
<link rel="canonical" href="https://www.villa-park.eu/de/nasz-pakiet/wyjatkowa-chwila/" />
<meta property="og:locale" content="de_DE" />
<meta property="og:type" content="article" />
<meta property="og:title" content="Uroczystości &quot;Wyjątkowe Chwile&quot; - Villa Park Wisełka SPA &amp; Wellness" />
<meta property="og:url" content="https://www.villa-park.eu/de/nasz-pakiet/wyjatkowa-chwila/" />
<meta property="og:site_name" content="Villa Park Wisełka SPA &amp; Wellness" />
<meta property="article:modified_time" content="2025-05-17T11:00:50+00:00" />
<meta property="og:image" content="https://www.villa-park.eu/wp-content/uploads/2025/02/Villa-Park-Wieslka_63.jpg" />
	<meta property="og:image:width" content="1512" />
	<meta property="og:image:height" content="2016" />
	<meta property="og:image:type" content="image/jpeg" />
<meta name="twitter:card" content="summary_large_image" />
<meta name="twitter:label1" content="Geschätzte Lesezeit" />
	<meta name="twitter:data1" content="1 Minute" />
<script type="application/ld+json" class="yoast-schema-graph">{"@context":"https://schema.org","@graph":[{"@type":"WebPage","@id":"https://www.villa-park.eu/nasz-pakiet/wyjatkowa-chwila/","url":"https://www.villa-park.eu/nasz-pakiet/wyjatkowa-chwila/","name":"Uroczystości \"Wyjątkowe Chwile\" - Villa Park Wisełka SPA &amp; Wellness","isPartOf":{"@id":"https://www.villa-park.eu/#website"},"primaryImageOfPage":{"@id":"https://www.villa-park.eu/nasz-pakiet/wyjatkowa-chwila/#primaryimage"},"image":{"@id":"https://www.villa-park.eu/nasz-pakiet/wyjatkowa-chwila/#primaryimage"},"thumbnailUrl":"https://www.villa-park.eu/wp-content/uploads/2025/02/Villa-Park-Wieslka_63.jpg","datePublished":"2024-12-17T13:30:20+00:00","dateModified":"2025-05-17T11:00:50+00:00","breadcrumb":{"@id":"https://www.villa-park.eu/nasz-pakiet/wyjatkowa-chwila/#breadcrumb"},"inLanguage":"de","potentialAction":[{"@type":"ReadAction","target":["https://www.villa-park.eu/nasz-pakiet/wyjatkowa-chwila/"]}]},{"@type":"ImageObject","inLanguage":"de","@id":"https://www.villa-park.eu/nasz-pakiet/wyjatkowa-chwila/#primaryimage","url":"https://www.villa-park.eu/wp-content/uploads/2025/02/Villa-Park-Wieslka_63.jpg","contentUrl":"https://www.villa-park.eu/wp-content/uploads/2025/02/Villa-Park-Wieslka_63.jpg","width":1512,"height":2016},{"@type":"BreadcrumbList","@id":"https://www.villa-park.eu/nasz-pakiet/wyjatkowa-chwila/#breadcrumb","itemListElement":[{"@type":"ListItem","position":1,"name":"Strona główna","item":"https://www.villa-park.eu/"},{"@type":"ListItem","position":2,"name":"Uroczystości \"Wyjątkowe Chwile\""}]},{"@type":"WebSite","@id":"https://www.villa-park.eu/#website","url":"https://www.villa-park.eu/","name":"Villa Park Wisełka SPA &amp; Wellness","description":"Twoje miejsce w Wisełce nad Bałtykiem","potentialAction":[{"@type":"SearchAction","target":{"@type":"EntryPoint","urlTemplate":"https://www.villa-park.eu/?s={search_term_string}"},"query-input":{"@type":"PropertyValueSpecification","valueRequired":true,"valueName":"search_term_string"}}],"inLanguage":"de"}]}</script>
<!-- / Yoast SEO plugin. -->

Uroczystości "Wyjątkowe Chwile" - Villa Park Wisełka SPA &amp; Wellness

Villa Park Wisełka SPA &amp; Wellness

Strona główna

Twoje miejsce w Wisełce nad Bałtykiem
