{"id":697,"date":"2025-01-28T14:43:41","date_gmt":"2025-01-28T13:43:41","guid":{"rendered":"https:\/\/wiselka.nfhotel.usermd.net\/?post_type=zabiegi-spa&#038;p=697"},"modified":"2025-01-28T14:52:47","modified_gmt":"2025-01-28T13:52:47","slug":"masaz-mikropradem-lifting-twarzy","status":"publish","type":"zabiegi-spa","link":"https:\/\/www.villa-park.eu\/de\/?zabiegi-spa=masaz-mikropradem-lifting-twarzy","title":{"rendered":"MASA\u017b MIKROPR\u0104DEM \u2013 LIFTING TWARZY"},"featured_media":0,"template":"","meta":{"_acf_changed":false},"kategoria-zabiegow":[36],"class_list":["post-697","zabiegi-spa","type-zabiegi-spa","status-publish","hentry","kategoria-zabiegow-pielegnacja-twarzy"],"acf":[],"yoast_head":"<!-- This site is optimized with the Yoast SEO plugin v24.6 - https:\/\/yoast.com\/wordpress\/plugins\/seo\/ -->\n<title>MASA\u017b MIKROPR\u0104DEM \u2013 LIFTING TWARZY - Villa Park Wise\u0142ka SPA &amp; Wellness<\/title>\n<meta name=\"robots\" content=\"index, follow, max-snippet:-1, max-image-preview:large, max-video-preview:-1\" \/>\n<link rel=\"canonical\" href=\"https:\/\/www.villa-park.eu\/de\/?zabiegi-spa=masaz-mikropradem-lifting-twarzy\" \/>\n<meta property=\"og:locale\" content=\"de_DE\" \/>\n<meta property=\"og:type\" content=\"article\" \/>\n<meta property=\"og:title\" content=\"MASA\u017b MIKROPR\u0104DEM \u2013 LIFTING TWARZY - Villa Park Wise\u0142ka SPA &amp; Wellness\" \/>\n<meta property=\"og:url\" content=\"https:\/\/www.villa-park.eu\/de\/?zabiegi-spa=masaz-mikropradem-lifting-twarzy\" \/>\n<meta property=\"og:site_name\" content=\"Villa Park Wise\u0142ka SPA &amp; Wellness\" \/>\n<meta property=\"article:modified_time\" content=\"2025-01-28T13:52:47+00:00\" \/>\n<meta name=\"twitter:card\" content=\"summary_large_image\" \/>\n<script type=\"application\/ld+json\" class=\"yoast-schema-graph\">{\"@context\":\"https:\/\/schema.org\",\"@graph\":[{\"@type\":\"WebPage\",\"@id\":\"https:\/\/www.villa-park.eu\/?zabiegi-spa=masaz-mikropradem-lifting-twarzy\",\"url\":\"https:\/\/www.villa-park.eu\/?zabiegi-spa=masaz-mikropradem-lifting-twarzy\",\"name\":\"MASA\u017b MIKROPR\u0104DEM \u2013 LIFTING TWARZY - Villa Park Wise\u0142ka SPA &amp; Wellness\",\"isPartOf\":{\"@id\":\"https:\/\/www.villa-park.eu\/#website\"},\"datePublished\":\"2025-01-28T13:43:41+00:00\",\"dateModified\":\"2025-01-28T13:52:47+00:00\",\"breadcrumb\":{\"@id\":\"https:\/\/www.villa-park.eu\/?zabiegi-spa=masaz-mikropradem-lifting-twarzy#breadcrumb\"},\"inLanguage\":\"de\",\"potentialAction\":[{\"@type\":\"ReadAction\",\"target\":[\"https:\/\/www.villa-park.eu\/?zabiegi-spa=masaz-mikropradem-lifting-twarzy\"]}]},{\"@type\":\"BreadcrumbList\",\"@id\":\"https:\/\/www.villa-park.eu\/?zabiegi-spa=masaz-mikropradem-lifting-twarzy#breadcrumb\",\"itemListElement\":[{\"@type\":\"ListItem\",\"position\":1,\"name\":\"Strona g\u0142\u00f3wna\",\"item\":\"https:\/\/www.villa-park.eu\/\"},{\"@type\":\"ListItem\",\"position\":2,\"name\":\"MASA\u017b MIKROPR\u0104DEM \u2013 LIFTING TWARZY\"}]},{\"@type\":\"WebSite\",\"@id\":\"https:\/\/www.villa-park.eu\/#website\",\"url\":\"https:\/\/www.villa-park.eu\/\",\"name\":\"Villa Park Wise\u0142ka SPA &amp; Wellness\",\"description\":\"Twoje miejsce w Wise\u0142ce nad Ba\u0142tykiem\",\"potentialAction\":[{\"@type\":\"SearchAction\",\"target\":{\"@type\":\"EntryPoint\",\"urlTemplate\":\"https:\/\/www.villa-park.eu\/?s={search_term_string}\"},\"query-input\":{\"@type\":\"PropertyValueSpecification\",\"valueRequired\":true,\"valueName\":\"search_term_string\"}}],\"inLanguage\":\"de\"}]}<\/script>\n<!-- \/ Yoast SEO plugin. -->","yoast_head_json":{"title":"MASA\u017b MIKROPR\u0104DEM \u2013 LIFTING TWARZY - Villa Park Wise\u0142ka SPA &amp; Wellness","robots":{"index":"index","follow":"follow","max-snippet":"max-snippet:-1","max-image-preview":"max-image-preview:large","max-video-preview":"max-video-preview:-1"},"canonical":"https:\/\/www.villa-park.eu\/de\/?zabiegi-spa=masaz-mikropradem-lifting-twarzy","og_locale":"de_DE","og_type":"article","og_title":"MASA\u017b MIKROPR\u0104DEM \u2013 LIFTING TWARZY - Villa Park Wise\u0142ka SPA &amp; Wellness","og_url":"https:\/\/www.villa-park.eu\/de\/?zabiegi-spa=masaz-mikropradem-lifting-twarzy","og_site_name":"Villa Park Wise\u0142ka SPA &amp; Wellness","article_modified_time":"2025-01-28T13:52:47+00:00","twitter_card":"summary_large_image","schema":{"@context":"https:\/\/schema.org","@graph":[{"@type":"WebPage","@id":"https:\/\/www.villa-park.eu\/?zabiegi-spa=masaz-mikropradem-lifting-twarzy","url":"https:\/\/www.villa-park.eu\/?zabiegi-spa=masaz-mikropradem-lifting-twarzy","name":"MASA\u017b MIKROPR\u0104DEM \u2013 LIFTING TWARZY - Villa Park Wise\u0142ka SPA &amp; Wellness","isPartOf":{"@id":"https:\/\/www.villa-park.eu\/#website"},"datePublished":"2025-01-28T13:43:41+00:00","dateModified":"2025-01-28T13:52:47+00:00","breadcrumb":{"@id":"https:\/\/www.villa-park.eu\/?zabiegi-spa=masaz-mikropradem-lifting-twarzy#breadcrumb"},"inLanguage":"de","potentialAction":[{"@type":"ReadAction","target":["https:\/\/www.villa-park.eu\/?zabiegi-spa=masaz-mikropradem-lifting-twarzy"]}]},{"@type":"BreadcrumbList","@id":"https:\/\/www.villa-park.eu\/?zabiegi-spa=masaz-mikropradem-lifting-twarzy#breadcrumb","itemListElement":[{"@type":"ListItem","position":1,"name":"Strona g\u0142\u00f3wna","item":"https:\/\/www.villa-park.eu\/"},{"@type":"ListItem","position":2,"name":"MASA\u017b MIKROPR\u0104DEM \u2013 LIFTING TWARZY"}]},{"@type":"WebSite","@id":"https:\/\/www.villa-park.eu\/#website","url":"https:\/\/www.villa-park.eu\/","name":"Villa Park Wise\u0142ka SPA &amp; Wellness","description":"Twoje miejsce w Wise\u0142ce nad Ba\u0142tykiem","potentialAction":[{"@type":"SearchAction","target":{"@type":"EntryPoint","urlTemplate":"https:\/\/www.villa-park.eu\/?s={search_term_string}"},"query-input":{"@type":"PropertyValueSpecification","valueRequired":true,"valueName":"search_term_string"}}],"inLanguage":"de"}]}},"_links":{"self":[{"href":"https:\/\/www.villa-park.eu\/de\/wp-json\/wp\/v2\/zabiegi-spa\/697","targetHints":{"allow":["GET"]}}],"collection":[{"href":"https:\/\/www.villa-park.eu\/de\/wp-json\/wp\/v2\/zabiegi-spa"}],"about":[{"href":"https:\/\/www.villa-park.eu\/de\/wp-json\/wp\/v2\/types\/zabiegi-spa"}],"wp:attachment":[{"href":"https:\/\/www.villa-park.eu\/de\/wp-json\/wp\/v2\/media?parent=697"}],"wp:term":[{"taxonomy":"kategoria-zabiegow","embeddable":true,"href":"https:\/\/www.villa-park.eu\/de\/wp-json\/wp\/v2\/kategoria-zabiegow?post=697"}],"curies":[{"name":"wp","href":"https:\/\/api.w.org\/{rel}","templated":true}]}}

MASAŻ MIKROPRĄDEM – LIFTING TWARZY

<!-- This site is optimized with the Yoast SEO plugin v24.6 - https://yoast.com/wordpress/plugins/seo/ -->
<title>MASAŻ MIKROPRĄDEM – LIFTING TWARZY - Villa Park Wisełka SPA &amp; Wellness</title>
<meta name="robots" content="index, follow, max-snippet:-1, max-image-preview:large, max-video-preview:-1" />
<link rel="canonical" href="https://www.villa-park.eu/de/?zabiegi-spa=masaz-mikropradem-lifting-twarzy" />
<meta property="og:locale" content="de_DE" />
<meta property="og:type" content="article" />
<meta property="og:title" content="MASAŻ MIKROPRĄDEM – LIFTING TWARZY - Villa Park Wisełka SPA &amp; Wellness" />
<meta property="og:url" content="https://www.villa-park.eu/de/?zabiegi-spa=masaz-mikropradem-lifting-twarzy" />
<meta property="og:site_name" content="Villa Park Wisełka SPA &amp; Wellness" />
<meta property="article:modified_time" content="2025-01-28T13:52:47+00:00" />
<meta name="twitter:card" content="summary_large_image" />
<script type="application/ld+json" class="yoast-schema-graph">{"@context":"https://schema.org","@graph":[{"@type":"WebPage","@id":"https://www.villa-park.eu/?zabiegi-spa=masaz-mikropradem-lifting-twarzy","url":"https://www.villa-park.eu/?zabiegi-spa=masaz-mikropradem-lifting-twarzy","name":"MASAŻ MIKROPRĄDEM – LIFTING TWARZY - Villa Park Wisełka SPA &amp; Wellness","isPartOf":{"@id":"https://www.villa-park.eu/#website"},"datePublished":"2025-01-28T13:43:41+00:00","dateModified":"2025-01-28T13:52:47+00:00","breadcrumb":{"@id":"https://www.villa-park.eu/?zabiegi-spa=masaz-mikropradem-lifting-twarzy#breadcrumb"},"inLanguage":"de","potentialAction":[{"@type":"ReadAction","target":["https://www.villa-park.eu/?zabiegi-spa=masaz-mikropradem-lifting-twarzy"]}]},{"@type":"BreadcrumbList","@id":"https://www.villa-park.eu/?zabiegi-spa=masaz-mikropradem-lifting-twarzy#breadcrumb","itemListElement":[{"@type":"ListItem","position":1,"name":"Strona główna","item":"https://www.villa-park.eu/"},{"@type":"ListItem","position":2,"name":"MASAŻ MIKROPRĄDEM – LIFTING TWARZY"}]},{"@type":"WebSite","@id":"https://www.villa-park.eu/#website","url":"https://www.villa-park.eu/","name":"Villa Park Wisełka SPA &amp; Wellness","description":"Twoje miejsce w Wisełce nad Bałtykiem","potentialAction":[{"@type":"SearchAction","target":{"@type":"EntryPoint","urlTemplate":"https://www.villa-park.eu/?s={search_term_string}"},"query-input":{"@type":"PropertyValueSpecification","valueRequired":true,"valueName":"search_term_string"}}],"inLanguage":"de"}]}</script>
<!-- / Yoast SEO plugin. -->

MASAŻ MIKROPRĄDEM – LIFTING TWARZY - Villa Park Wisełka SPA &amp; Wellness

Villa Park Wisełka SPA &amp; Wellness

Strona główna

Twoje miejsce w Wisełce nad Bałtykiem
